{"id":80,"date":"2025-09-08T16:40:20","date_gmt":"2025-09-08T16:40:20","guid":{"rendered":"https:\/\/contravirtual.jalisco.gob.mx\/nodos\/?page_id=80"},"modified":"2026-01-21T13:41:26","modified_gmt":"2026-01-21T19:41:26","slug":"info","status":"publish","type":"page","link":"https:\/\/contravirtual.jalisco.gob.mx\/nodos\/info\/","title":{"rendered":"Info"},"content":{"rendered":"\n<h1 class=\"wp-block-heading\">\u00bfQu\u00e9 es Nodos?<\/h1>\n\n\n\n<p><strong><span style=\"color: var(--theme-palette-color-9, #246042);\" class=\"stk-highlight\"><em>Nodos<\/em> <\/span><\/strong>es un instrumento de an\u00e1lisis y reflexi\u00f3n que en cada nueva edici\u00f3n busca generar di\u00e1logos sobre  gesti\u00f3n p\u00fablica, administraci\u00f3n, control interno y rendici\u00f3n de cuentas. Abrir la conversaci\u00f3n sobre las buenas pr\u00e1cticas en el servicio p\u00fablico, el fortalecimiento de la participaci\u00f3n ciudadana en los asuntos p\u00fablicos y la integridad institucional es sustancial para esta publicaci\u00f3n semestral, por lo que sobresalen al rigor de sus textos, la frescura y el car\u00e1cter de divulgaci\u00f3n que acerca a m\u00e1s actores de la sociedad a los temas que nos conciernen.<\/p>\n\n\n\n<h2 class=\"wp-block-heading\"><strong>Misi\u00f3n\u00a0<\/strong><\/h2>\n\n\n\n<ol class=\"wp-block-list\"><\/ol>\n\n\n\n<p>Generar contenidos de calidad que propicien el an\u00e1lisis y la reflexi\u00f3n sobre las buenas pr\u00e1cticas institucionales, al alcance de la ciudadan\u00eda, servidores p\u00fablicos e integrantes de \u00f3rganos comprometidos con la prevenci\u00f3n de la corrupci\u00f3n.<\/p>\n\n\n\n<h1 class=\"wp-block-heading\">Estructura<\/h1>\n\n\n\n<div class=\"wp-block-group is-nowrap is-layout-flex wp-container-core-group-is-layout-f66f9956 wp-block-group-is-layout-flex\">\n<div class=\"wp-block-group is-content-justification-left is-nowrap is-layout-flex wp-container-core-group-is-layout-a1ed96d5 wp-block-group-is-layout-flex\">\n<h4 class=\"wp-block-heading\"><strong><span style=\"color: var(--theme-palette-color-3, #3A4F66);\" class=\"stk-highlight\">Mar\u00eda Teresa Brito Serrano<br><\/span><\/strong><span style=\"color: var(--theme-palette-color-9, #246042);\" class=\"stk-highlight\">DIRECTORA<\/span><\/h4>\n\n\n\n<div class=\"wp-block-stackable-text stk-block-text stk-block stk-04f51c8\" data-block-id=\"04f51c8\"><p class=\"stk-block-text__text\"><\/p><\/div>\n<\/div>\n\n\n\n<p> <\/p>\n\n\n\n<p><\/p>\n\n\n\n<div class=\"wp-block-group is-content-justification-left is-nowrap is-layout-flex wp-container-core-group-is-layout-a1ed96d5 wp-block-group-is-layout-flex\">\n<h4 class=\"wp-block-heading\"><strong><span style=\"color: var(--theme-palette-color-3, #3A4F66);\" class=\"stk-highlight\">Josefina Isabel Sep\u00falveda Campos<br>Neyra Josefa Godoy Rodr\u00edguez<br>Augusto Chac\u00f3n Benavides<br>Freddy Ram\u00f3n Mari\u00f1ez Navarro<br>Francisco Xavier Orendain de Obeso\u00a0<\/span><\/strong><br><span style=\"color: var(--theme-palette-color-9, #246042);\" class=\"stk-highlight\">CONSEJO EDITORIAL<\/span><\/h4>\n<\/div>\n<\/div>\n\n\n\n<div class=\"wp-block-stackable-text stk-block-text stk-block stk-e6e3202\" data-block-id=\"e6e3202\"><style>.stk-e6e3202 {margin-bottom:132px !important;}<\/style><p class=\"stk-block-text__text\"><\/p><\/div>\n\n\n\n<p>  <\/p>\n\n\n\n<div class=\"wp-block-group is-vertical is-layout-flex wp-container-core-group-is-layout-fe9cc265 wp-block-group-is-layout-flex\">\n<h4 class=\"wp-block-heading\"><strong><span style=\"color: var(--theme-palette-color-3, #3A4F66);\" class=\"stk-highlight\">Paulina Orozco Barboza<\/span><\/strong><br><span style=\"color: var(--theme-palette-color-4, #192a3d);\" class=\"stk-highlight\">EDITOR EN JEFE <\/span><\/h4>\n\n\n\n<h4 class=\"wp-block-heading\" id=\"block-12f29d53-75ac-49e6-84c5-45c1d8a8cb41\"><span style=\"color: var(--theme-palette-color-3, #3A4F66);\" class=\"stk-highlight\">Enrique Plascencia Berm\u00fadez <br><\/span><span style=\"color: var(--theme-palette-color-4, #192a3d);\" class=\"stk-highlight\">COORDINADOR <\/span><br><span style=\"color: var(--theme-palette-color-4, #192a3d);\" class=\"stk-highlight\">DE CONTENIDOS<\/span><\/h4>\n<\/div>\n","protected":false},"excerpt":{"rendered":"<p>\u00bfQu\u00e9 es Nodos? Nodos es un instrumento de an\u00e1lisis y reflexi\u00f3n que en cada nueva edici\u00f3n busca generar di\u00e1logos sobre gesti\u00f3n p\u00fablica, administraci\u00f3n, control interno y rendici\u00f3n de cuentas. Abrir la conversaci\u00f3n sobre las buenas pr\u00e1cticas en el servicio p\u00fablico, el fortalecimiento de la participaci\u00f3n ciudadana en los asuntos p\u00fablicos y la integridad institucional es [&hellip;]<\/p>\n","protected":false},"author":1,"featured_media":0,"parent":0,"menu_order":0,"comment_status":"closed","ping_status":"closed","template":"","meta":{"iawp_total_views":30,"footnotes":""},"class_list":["post-80","page","type-page","status-publish","hentry"],"blocksy_meta":{"disable_header":"no","styles_descriptor":{"styles":{"desktop":"","tablet":"","mobile":""},"google_fonts":[],"version":6},"page_structure_type":"default","has_hero_section":"disabled"},"_links":{"self":[{"href":"https:\/\/contravirtual.jalisco.gob.mx\/nodos\/wp-json\/wp\/v2\/pages\/80","targetHints":{"allow":["GET"]}}],"collection":[{"href":"https:\/\/contravirtual.jalisco.gob.mx\/nodos\/wp-json\/wp\/v2\/pages"}],"about":[{"href":"https:\/\/contravirtual.jalisco.gob.mx\/nodos\/wp-json\/wp\/v2\/types\/page"}],"author":[{"embeddable":true,"href":"https:\/\/contravirtual.jalisco.gob.mx\/nodos\/wp-json\/wp\/v2\/users\/1"}],"replies":[{"embeddable":true,"href":"https:\/\/contravirtual.jalisco.gob.mx\/nodos\/wp-json\/wp\/v2\/comments?post=80"}],"version-history":[{"count":32,"href":"https:\/\/contravirtual.jalisco.gob.mx\/nodos\/wp-json\/wp\/v2\/pages\/80\/revisions"}],"predecessor-version":[{"id":1203,"href":"https:\/\/contravirtual.jalisco.gob.mx\/nodos\/wp-json\/wp\/v2\/pages\/80\/revisions\/1203"}],"wp:attachment":[{"href":"https:\/\/contravirtual.jalisco.gob.mx\/nodos\/wp-json\/wp\/v2\/media?parent=80"}],"curies":[{"name":"wp","href":"https:\/\/api.w.org\/{rel}","templated":true}]}}